factors of u?
7, 53, 83
Let p be (-1876)/(-364) - (-1 + 30/26). Suppose 5*v = p*w + 7 - 77, 0 = -2*w - 10. Let i = 25 - v. What are the prime factors of i?
2, 11
Suppose -x = -3*a + 48, 26*x = 24*x - a - 75. What are the prime factors of x/3 - -4 - -184?
5, 7
Suppose -1284384 = -103*p - 200518 + 195188. What are the prime factors of p?
2, 7, 887
Let l(f) = -55*f - 2. Let y = -360 + 349. What are the prime factors of l(y)?
3, 67
Let n = -124 - -147. Suppose 0 = -2*d + 5*h + 1216 - n, 4*h = 4. List the prime factors of d.
599
Suppose -4*o - 32 = -12*o. Suppose -2*w = o*r - 474, r = -4*w + w + 121. Suppose 3*m - 4*m + r = 0. List the prime factors of m.
2, 59
Let d(c) be the first derivative of -7*c**3/3 - 7*c**2/2 + 11*c - 10. Let v(p) be the first derivative of d(p). List the prime factors of v(-4).
7
Let w = -605 - -605. Suppose 907 = k - 2*o - w*o, 2694 = 3*k + 3*o. List the prime factors of k.
17, 53
Let g(p) = p**2 + 13*p + 30. Let x be g(-9). Let f = x + 119. What are the prime factors of f?
113
Let g = -114 + 322. Suppose 4*r - 124 = 4*h, 3*r = 2*h - 15 + 77. Let m = h + g. List the prime factors of m.
3, 59
Suppose -5*f - j + 10705 = 0, -4*f = -f + 2*j - 6430. What are the prime factors of f?
2, 5, 107
Let u(z) = 175*z**3 - 8*z**2 + 2*z. List the prime factors of u(2).
2, 7
Let i = 9557 + -7967. What are the prime factors of i?
2, 3, 5, 53
Suppose -55*c + 79330 = -50*c + w, 47580 = 3*c - 3*w. What are the prime factors of c?
5, 19, 167
Let z(m) = -m**2 - 168*m - 116. What are the prime factors of z(-59)?
3, 5, 421
Let h(r) be the third derivative of 11*r**6/120 + r**5/30 + 3*r**4/8 - 5*r**3/6 + 41*r**2 + 1. What are the prime factors of h(3)?
337
Let l be 1 + -12 - -8 - (-4 - -2). List the prime factors of (2*l/(-6))/((-8)/(-17328)).
2, 19
Let p = -124 - -114. What are the prime factors of (p*7)/(441/56 - 8)?
2, 5, 7
Let d(a) = -4*a + 44. Let b = -15 - -40. Suppose -3*r - b = -5*p, -2*p + 10 = 5*r - 0*p. List the prime factors of d(r).
2, 11
Suppose 24*s - 86*s + 1002726 = 0. What are the prime factors of s?
3, 599
Let z be (-58)/16 + 9/(-24). Let c be 2 - z/(-12)*3. List the prime factors of (c/(-3))/((-2)/(-1524)*-2).
127
Suppose -26*v - 449880 = 35*v - 84*v. What are the prime factors of v?
2, 3, 5, 163
Let o(b) = 102*b**2 - 92*b + 628. List the prime factors of o(13).
2, 5, 1667
Suppose 51*s = 62*s - 77. List the prime factors of -236*(35/(-4))/s.
5, 59
Let m be (-4)/(-4) - -5 - 350. Let p = m + 992. List the prime factors of p.
2, 3
Suppose 3*c = -4*o + 24, -3*o = -2*c + 2*o - 7. Suppose 0 = 2*z + 2*l - 810, c*z - 1439 = 3*l + 181. List the prime factors of z.
3, 5
Let k be ((-26)/(-39))/(128/(-63) - -2). Let n(q) = -13*q**2 - 10 - 17*q**3 - 13 + 16*q**3 - 7*q**2 + 19*q. What are the prime factors of n(k)?
19
Let s be 3 + (2 - 2)/(-4). Let i(p) = 4 - 6*p**2 + 2*p**s - 7 + 2 + 9. What are the prime factors of i(4)?
2, 5
Suppose 4*n - 20 = 3*i, -2*n + 4*i = -5*n + 15. Suppose -4095 = -5*a - 17*m + 16*m, -1665 = -2*a + n*m. What are the prime factors of a?
2, 5, 41
Let z(t) = 12*t**2 - 198*t - 3417. List the prime factors of z(-19).
3, 1559
Let r = -292 - -282. What are the prime factors of (5885/r)/(-11)*4?
2, 107
Suppose -5571*m + 5586*m - 32424 = -8004. What are the prime factors of m?
2, 11, 37
Let n be ((0 - 0) + (-4)/(-12))*0. Let t be n - 28/(-8)*2. Suppose -3*b = -88 + t. What are the prime factors of b?
3
Let z = 48706 - 33349. What are the prime factors of z?
3, 5119
Suppose 0 = -4*y - 94 + 102. Suppose y*p = -8*p + 6440. List the prime factors of p.
2, 7, 23
Let a(n) = 2*n**2 + 30*n + 16. Suppose 5*j - 9*j - 10 = -2*x, 2*j - 30 = -4*x. List the prime factors of a(x).
2, 3
What are the prime factors of 24333*15/((-315)/(-7))?
8111
Suppose 13*d - 12 = 1. Let k(g) = 8*g**2 - 2*g. Let t be k(d). Suppose -3*x - t = 0, 0*n - 475 = -3*n + 5*x. What are the prime factors of n?
5, 31
Suppose 0*t = 6*t. Suppose -28 = 2*g - 3*a, t = 5*g - 2*g - 3*a + 36. What are the prime factors of g + 12 + (2 - -80)?
2, 43
Let v(x) = 402*x**2 - 27*x - 87. Let h be v(-3). Let k = -2492 + h. List the prime factors of k.
2, 5, 7
Suppose -29 = -5*m - 44. What are the prime factors of (-666)/m + (2 - 7)?
7, 31
Let k(g) = -428*g + 4. Let n be k(-1). Let m be n/4*3 + -4. Let a = m - 207. What are the prime factors of a?
113
Let q(v) = 19*v - 144. Let k be q(16). Let u = -152 + k. What are the prime factors of u?
2
Let d = 8166 - 3791. What are the prime factors of d?
5, 7
Let v(z) = 20*z**2 - 24*z - 326. List the prime factors of v(-18).
2, 37, 89
List the prime factors of -4 + (3 - 0) + -10 + 614754/14.
2, 5, 439
What are the prime factors of (-1 + 328413/(-15))/((-8)/20)?
2, 3, 3041
Suppose 12361 = 24*f + 2*f - 9973. What are the prime factors of f?
859
What are the prime factors of 599350/30 + 2/(-6) + 7?
5, 7, 571
Suppose 9278 = 19*m - 8354. What are the prime factors of m?
2, 29
Suppose 3*s - 5*o - 1097 = 0, -5*o = -5*s - 7*o + 1818. Suppose -6*w = s - 1636. List the prime factors of w.
2, 53
Let q = -5909 - -5818. Let g be 0 + 54/(-2*1). Let s = g - q. What are the prime factors of s?
2
Suppose 0 = 4*s - 5*t - 1312, t + 1 = 5. Suppose 0 = 5*i, 4*i - 387 = 4*q + s. What are the prime factors of (-18)/q + 2149/10?
5, 43
Let v(a) = 50*a**2 - 101*a + 122. List the prime factors of v(-30).
2, 13, 463
Let t = 1548 - -1124. Let a = t - 1343. List the prime factors of a.
3, 443
Let k = 11587 - 6178. What are the prime factors of k?
3, 601
Suppose -2*t + 4*o + 24904 = 0, 0*o + 12464 = t + 2*o. What are the prime factors of t?
2, 6229
Let y(t) = 160*t**2 + 67*t - 21. List the prime factors of y(-6).
3, 593
Suppose -39518 = -14*x - 4196. Suppose 1012 = 2*d + 3*q, 5*d + 30*q - x = 26*q. What are the prime factors of d?
503
Let i(k) = -k**2 + 12*k - 7. Let c be i(11). Suppose -c*a = 3*u - 5*a - 700, -a = 4*u - 945. Let s = -159 + u. List the prime factors of s.
2, 19
Suppose -2*v + 35856 = 5*y, v - 2 = 1. List the prime factors of y/(-25)*(-40)/12.
2, 239
Suppose 2735 = 4*a - c, 393 + 974 = 2*a - c. Let u(j) = 3*j**2 - j + 2. Let y be u(3). Suppose -23*t = -y*t + a. What are the prime factors of t?
2, 3, 19
Let p(s) = 0*s**2 + 23 - 20*s - 4*s**2 + 3*s**2. Let z be (-56)/(-210)*-10*6. What are the prime factors of p(z)?
3, 29
Let k(o) be the third derivative of -o**5/60 - o**4/12 + 25*o**3/6 - 4*o**2 - 24*o. Suppose -5*x = -x. What are the prime factors of k(x)?
5
Let o(l) be the first derivative of 331*l**2/2 + 18*l + 112. List the prime factors of o(1).
349
Let f be (-12)/10*(4/(-6) - 1). Let i be 2*f/12 + (-374)/(-3). Suppose 234 = 4*w + 2*u, u + i = 3*w - 38. What are the prime factors of w?
2, 7
Suppose 0 = 326*o - 291*o - 220605. List the prime factors of o.
3, 11, 191
Let o(m) = -16 - 24 + 55 + 3*m. Let l be o(-4). Suppose 0 = 4*n - 4*p - 620, l*p + 79 - 685 = -4*n. List the prime factors of n.
3, 17
Suppose -63*p + 103*p + 175*p = 1406530. What are the prime factors of p?
2, 3271
Let b(g) = g**3 - 2*g**2 - 5*g. Let o be b(4). Suppose 15*x - 19*x = -o. Suppose -x*n = a + a - 171, 0 = -3*a. What are the prime factors of n?
3, 19
Let b = 13832 + -7538. What are the prime factors of b?
2, 3, 1049
Let y(k) = 3*k**3 - 16*k**2 - 3*k + 1. Let f(l) = -10*l**3 + 49*l**2 + 11*l - 3. Let u(z) = 2*f(z) + 7*y(z). What are the prime factors of u(15)?
241
What are the prime factors of 6 + (1/((-12)/10378))/(19/(-114))?
5, 1039
Let j(a) = -4*a**3 - 3*a**2 + a - 7. Let b(o) = 2*o**3 - 4*o**2 - 6*o + 3. Let k be b(4). Let m = -46 + k. What are the prime factors of j(m)?
71
Let a = -10 + -16. Let d = a - -45. Let u = d - -18. What are the prime factors of u?
37
Let q(d) = d**3 + 4*d**2 - 2*d - 12. Let r be q(-3). Suppose 4*g + 1415 - 4659 = y, 0 = -r*g - 4*y + 2433. What are the prime factors of g?
811
Let p be 23/46 - (-1 + (-2131)/2). Suppose p = 5*k - 2*m, -3*k - 7*m + 636 = -4*m. List the prime factors of 4/1 - (8 - k) - -1.
2, 3, 5, 7
Let f = 41 + -41. Suppose f = 16*q - 8920 - 6328. What are the prime factors of q?
953
Let h(a) = 1648*a + 5575. List the prime factors of h(7).
71, 241
Suppose -51422 = -3*c - 2*k - 311, 2*c - 34072 = -2*k. List the prime factors of c.
11, 1549
Suppose 16*r + 1273230 = 56*r + 54*r. What are the prime factors of r?
3, 5, 7, 43
Let c(m)